remainder when 16686 is divided by 16444?
242
What is the remainder when 391296 is divided by 97815?
36
Calculate the remainder when 1154422 is divided by 192359.
268
What is the remainder when 120457 is divided by 438?
7
What is the remainder when 339901 is divided by 48442?
807
Calculate the remainder when 18886511 is divided by 19.
17
Calculate the remainder when 12992171 is divided by 28617.
53
Calculate the remainder when 1253694 is divided by 7777.
1597
Calculate the remainder when 316860 is divided by 8534.
1102
What is the remainder when 18292 is divided by 18049?
243
What is the remainder when 46234072 is divided by 36262?
22
Calculate the remainder when 23381 is divided by 1885.
761
Calculate the remainder when 46321 is divided by 8591.
3366
Calculate the remainder when 1373133 is divided by 274623.
18
Calculate the remainder when 1513218 is divided by 5.
3
What is the remainder when 7545947 is divided by 5818?
1
What is the remainder when 1002197 is divided by 40?
37
What is the remainder when 14938118 is divided by 187?
184
Calculate the remainder when 7433300 is divided by 5340.
20
What is the remainder when 31301 is divided by 12720?
5861
What is the remainder when 1362823 is divided by 101?
30
What is the remainder when 4644125 is divided by 128?
29
What is the remainder when 19502062 is divided by 11?
8
Calculate the remainder when 102407 is divided by 266.
263
What is the remainder when 326955 is divided by 8150?
955
What is the remainder when 979198835 is divided by 804?
803
Calculate the remainder when 71456 is divided by 17858.
24
Calculate the remainder when 6370168 is divided by 12227.
12128
What is the remainder when 512721 is divided by 442?
1
Calculate the remainder when 3975620 is divided by 172.
12
Calculate the remainder when 63969 is divided by 36.
33
Calculate the remainder when 1889924 is divided by 342.
32
Calculate the remainder when 92031 is divided by 11415.
711
Calculate the remainder when 86207 is divided by 9577.
14
Calculate the remainder when 337026 is divided by 5617.
6
What is the remainder when 2037160 is divided by 97006?
34
What is the remainder when 5438836 is divided by 376?
372
Calculate the remainder when 7354076 is divided by 7354014.
62
What is the remainder when 1484437 is divided by 29103?
184
Calculate the remainder when 13811233 is divided by 4603730.
43
Calculate the remainder when 4124870 is divided by 10338.
8
Calculate the remainder when 163594526 is divided by 165.
161
What is the remainder when 2273551 is divided by 201?
40
What is the remainder when 2232955 is divided by 223281?
145
What is the remainder when 63400707 is divided by 7212?
15
Calculate the remainder when 35660 is divided by 14137.
7386
What is the remainder when 1647 is divided by 401?
43
What is the remainder when 1151729 is divided by 39633?
2372
Calculate the remainder when 1651081 is divided by 165.
91
Calculate the remainder when 6312380 is divided by 97.
8
What is the remainder when 172958944 is divided by 2690?
14
Calculate the remainder when 201 is divided by 15.
6
What is the remainder when 53701 is divided by 17393?
1522
Calculate the remainder when 4607170 is divided by 1963.
9
Calculate the remainder when 433230615 is divided by 52.
51
What is the remainder when 3278235 is divided by 74505?
15
What is the remainder when 14309317 is divided by 147?
43
Calculate the remainder when 354587 is divided by 7539.
254
Calculate the remainder when 813117 is divided by 203265.
57
Calculate the remainder when 973633 is divided by 366.
73
What is the remainder when 40237 is divided by 9286?
3093
What is the remainder when 73527890 is divided by 6306?
6236
What is the remainder when 15477253 is divided by 18?
7
What is the remainder when 135744 is divided by 361?
8
What is the remainder when 5912382 is divided by 29?
7
What is the remainder when 59531 is divided by 5852?
1011
What is the remainder when 79611 is divided by 1765?
186
Calculate the remainder when 71990 is divided by 71891.
99
Calculate the remainder when 1592865 is divided by 903.
876
Calculate the remainder when 854479 is divided by 186.
181
Calculate the remainder when 241645 is divided by 40223.
307
What is the remainder when 280410283 is divided by 13?
10
What is the remainder when 217941 is divided by 206?
199
Calculate the remainder when 8208783 is divided by 20169.
0
Calculate the remainder when 5329797 is divided by 851.
835
Calculate the remainder when 286466 is divided by 241.
158
What is the remainder when 9728913 is divided by 34?
17
What is the remainder when 48202 is divided by 2623?
988
Calculate the remainder when 416635109 is divided by 88.
77
Calculate the remainder when 1986525 is divided by 7978.
3
What is the remainder when 308671 is divided by 573?
397
Calculate the remainder when 15433626 is divided by 1131.
0
What is the remainder when 323034 is divided by 1287?
1284
What is the remainder when 19662070 is divided by 51?
40
What is the remainder when 499934 is divided by 3623?
3583
Calculate the remainder when 149231 is divided by 652.
575
What is the remainder when 64714 is divided by 2396?
22
What is the remainder when 84263 is divided by 84223?
40
What is the remainder when 48446 is divided by 3486?
3128
What is the remainder when 13591566 is divided by 49?
44
What is the remainder when 7279895 is divided by 108?
47
What is the remainder when 45768 is divided by 41768?
4000
What is the remainder when 80924 is divided by 3683?
3581
Calculate the remainder when 14538816 is divided by 13314.
13242
Calculate the remainder when 1822768 is divided by 7691.
1
What is the remainder when 12210899 is divided by 78?
77
Calculate the remainder when 10402133 is divided by 13068.
5
Calculate the remainder when 3665496 is divided by 43636.
72
What is the remainder when 7519358 is divided by 365?
358
Calculate the remainder when 33964 is divided by 1992.
100
What is the remainder when 7942056 is divided by 586?
584
Calculate the remainder when 6055092 is divided by 23.
20
Calculate the remainder when 342754 is divided by 310.
204
Calculate the remainder when 834450 is divided by 57.
27
Calculate the remainder when 48396751 is divided by 708.
703
What is the remainder when 351116 is divided by 867?
848
Calculate the remainder when 7509715 is divided by 127283.
18
What is the remainder when 34799447 is divided by 175?
172
What is the remainder when 1535433 is divided by 1708?
1649
What is the remainder when 511765 is divided by 5281?
4789
Calculate the remainder when 356702 is divided by 11143.
126
Calculate the remainder when 15944144 is divided by 5314706.
26
What is the remainder when 354507 is divided by 50631?
90
Calculate the remainder when 9573017 is divided by 2159.
11
What is the remainder when 140326 is divided by 7335?
961
What is the remainder when 900592 is divided by 225143?
20
Calculate the remainder when 375165 is divided by 60.
45
What is the remainder when 2549 is divided by 226?
63
What is the remainder when 64521 is divided by 329?
37
Calculate the remainder when 356832 is divided by 190.
12
What is the remainder when 354958 is divided by 117713?
1819
What is the remainder when 2651179 is divided by 207?
130
What is the remainder when 14495758 is divided by 14495739?
19
What is the remainder when 14330866 is divided by 1315?
1311
What is the remainder when 279082 is divided by 55783?
167
What is the remainder when 19322043 is divided by 22?
15
Calculate the remainder when 1787479 is divided by 22.
1
What is the remainder when 19058933 is divided by 19058924?
9
What is the remainder when 11260473 is divided by 4074?
4011
What is the remainder when 21404926 is divided by 377?
374
Calculate the remainder when 1821985 is divided by 16.
1
Calculate the remainder when 26171 is divided by 1344.
635
Calculate the remainder when 14341 is divided by 101.
100
What is the remainder when 3262216 is divided by 3029?
3012
What is the remainder when 90442 is divided by 12878?
296
Calculate the remainder when 2485040 is divided by 2485032.
8
What is the remainder when 63674593 is divided by 33?
4
What is the remainder when 4812735 is divided by 1242?
1227
What is the remainder when 2643738 is divided by 1812?
30
What is the remainder when 3